*o. What is the units digit of n?
4
Suppose 19 = 4*m - 5. Let t(u) = -u**2 + 7*u. What is the units digit of t(m)?
6
Let v be (-2)/(-3) + 66/9. Let o(j) = -j**2 + 9*j - 5. Let l be o(v). What is the units digit of (-1*3)/(l/(-4))?
4
Let b = 210 + -95. What is the units digit of b?
5
Let j be (1 + 8 + -2)/1. Let b be 28/3 + (-1)/3. Let c = j + b. What is the units digit of c?
6
Suppose -2*i + 3*q + 40 = 0, 0 - 4 = q. What is the units digit of i?
4
Suppose -3*b = -16 - 5. Let y(d) = d**3 - 8*d**2 + 7*d + 5. Let f be y(b). Suppose 45 = f*g - 2*g. What is the units digit of g?
5
Let b be (-1)/(-1*2 - -1). Let n be -8 + 16 + -1 + 0. What is the units digit of -2*b + n + -3?
2
Let x be (3/(-6))/((-2)/36). Suppose 3*s - x = -3. What is the units digit of s?
2
Let h = -147 + 210. What is the tens digit of h?
6
Let q(j) = j**3 + 11*j**2 - j + 6. What is the tens digit of q(-11)?
1
Let n = 12 + -28. Let s = -6 - n. What is the units digit of s?
0
Let b be (-7)/35 - 58/10. Let g(v) = -v**2 - 8*v - 1. What is the tens digit of g(b)?
1
Let f(o) = -o**2 - 15*o + 1. Let i(v) = v**2 + 14*v. Let n(q) = 6*f(q) + 7*i(q). Let y be n(-8). Let s(h) = h**2 - 7*h + 9. What is the units digit of s(y)?
3
Suppose -5*q = 3*v + 11, 5 = 5*v + 15. What is the tens digit of 12*3/(2 - q)?
1
Let a = -4 - -10. Suppose i + a = 4*i. What is the units digit of i?
2
Suppose 0 = 5*f - 17 - 8. Suppose -x - 2*g + 1 = 0, f*g + 44 = 4*x + 3*g. What is the units digit of x?
9
Suppose 4*c + 2 = -2. Let l = c - -3. Suppose z - l*z - 4*a + 12 = 0, 0 = -5*z + 3*a + 14. What is the units digit of z?
4
Let s be 836/(-26) - 2/(-13). Let r = 59 + s. What is the tens digit of r?
2
Suppose 0 = -2*q, 3*j - 332 = 3*q - 53. What is the units digit of j?
3
Suppose -5*u + 8 = -2. What is the units digit of ((u - 2) + -2)*-3?
6
Suppose -32 = -4*x - 4. Let j(b) = b**3 - 8*b**2 + 8*b + 1. What is the units digit of j(x)?
8
Suppose k = 0, 3*f - 3*k = -k + 12. Let i be (-10)/10 + 0/(-1). Let n = i + f. What is the units digit of n?
3
Let z(p) be the first derivative of p**5/20 + p**4/2 + p**3/2 - 3*p**2 + p - 2. Let u(s) be the first derivative of z(s). What is the units digit of u(-5)?
4
What is the units digit of (4 - (4 + -1))*9?
9
Suppose 7*j - 3*j - 24 = 0. What is the units digit of 52*(3/j - 0)?
6
Let l = -18 + 12. Let n = l - -15. What is the units digit of n?
9
Let x(q) = -17*q - 17. What is the units digit of x(-4)?
1
Let d(g) be the second derivative of g**5/20 + g**4/2 - g**3/2 - 2*g**2 + 3*g. What is the units digit of d(-6)?
4
What is the tens digit of (-1218)/(-8) - (-14)/(-56)?
5
Suppose 4*k + k - 30 = 0. Suppose 3*c + 2*x = -2 + 12, k = c + 2*x. What is the units digit of -1*(-2 - -1) + c?
3
Let n be 1/((4 - 1)/6). Suppose n*v = -f + 16, 5*f + v + 2*v - 94 = 0. What is the tens digit of f?
2
Let l = 7 + 13. Suppose 0*j = 5*j - l. What is the units digit of (-1)/2*(-8)/j?
1
Let n(r) = -r**3 + 30. What is the tens digit of n(0)?
3
Let g(k) = 3*k - 1. Let x be g(2). Let b = x - 5. Let d(y) = y**3 - y + 14. What is the units digit of d(b)?
4
Let k be (-92)/16 - (-9)/12. Let w(o) = -o**2 - 6*o - 4. What is the units digit of w(k)?
1
Let x = 4 + -2. Suppose 0 = -0*v + x*v. What is the tens digit of 10 + v*1/2?
1
Let y = 41 + 25. What is the tens digit of y?
6
Let u be 19/4 - 3/(-12). Suppose 0 = -5*i - 20, -5*i = u*h - 0*i - 135. What is the units digit of h?
1
Suppose h - 32 = -0*h. What is the units digit of h?
2
Let x(k) = -k**2 - 4*k - 3. Let o be 15/(-6) - 2/4. Let j be x(o). Suppose j = 2*u - 2. What is the units digit of u?
1
Suppose 3*z = 3*i + 465, -i - 2*i = -5*z + 765. Suppose 0 = 2*y - 0*y - z. Suppose 10*j - 14 = -3*u + 5*j, 2*j + y = 5*u. What is the tens digit of u?
1
Let p = 198 + -74. What is the hundreds digit of p?
1
Suppose 2*r = 3 - 15. Let w be 10/(-15) - 4/r. Suppose -3*t - 5*l = -24, l + w*l = 4*t - 9. What is the units digit of t?
3
Let t be 1/2*(1 - -3). Suppose 4*o = s - 9, -t*o = -5*o - 4*s + 17. What is the units digit of (o/1)/((-1)/8)?
8
Let v(i) = i**2 - 8*i - 13. Let s be v(9). Let u = s - -16. What is the tens digit of u?
1
Let a = -52 - -31. Let k = -13 - a. What is the units digit of k?
8
What is the units digit of (1 + 3)*45/36?
5
Suppose -3*h + 4*b + 186 = 0, 5*h - b - 226 - 67 = 0. What is the units digit of h?
8
Suppose x - 12 + 10 = 0. Suppose -2*v = x*b + 2*b - 32, 0 = -4*v - 5*b + 67. What is the units digit of v?
8
Suppose 0 = 4*h - 3*g + 224, h = -g - g - 67. Let d = h - -86. What is the tens digit of d?
2
Let g = 22 - 20. What is the units digit of g?
2
Suppose 0 = -3*v + v - r + 29, -9 = 3*r. Suppose 3*u - v = -u. What is the units digit of u?
4
Let h = -9 - -19. Let m = 6 + -1. Suppose -4*z - m*o = -5*z + h, 2*z - 9 = -o. What is the units digit of z?
5
Suppose -64 = -3*g - 4*c - c, 4*g + 4*c = 72. What is the units digit of g?
3
Let s = -177 + 293. What is the hundreds digit of s?
1
Suppose -42 = -g - i + 7, -3*g + 152 = 2*i. What is the tens digit of g?
5
Let o = 254 + -141. What is the units digit of o?
3
Let f = 21 - 13. Suppose -4*h = 5*a - 16, -a + f = a. What is the units digit of (0 - 2/2)/h?
1
Let c = 11 - 9. What is the units digit of 22 + 2 + -4 + c?
2
Suppose 0 = -5*c + 42 + 18. What is the units digit of c?
2
Let r(n) = 3*n**3 + n - 1. Let j be r(1). Suppose -v + 1 = -h - j, h = -5*v + 26. What is the units digit of (-1 - -1) + h/1?
1
Let u(q) = -q**3 - 8*q**2 - 2*q - 5. Let v be u(-8). Suppose 0 = 5*y - 6 + v. What is the units digit of (-2)/(y - 12/(-14))?
4
What is the hundreds digit of 2*87 - (-5)/(10/6)?
1
Let v = 12 - 2. Suppose -5*x + 21 = 4*s, -3*s - 8 = -3*x + v. What is the units digit of -2*((0 - s) + -4)?
6
Let o(a) be the third derivative of -a**5/40 + a**4/24 - a**3/6 + 3*a**2. Let d(c) be the first derivative of o(c). What is the tens digit of d(-3)?
1
Suppose -572 = -4*u - 4*n, 2*u + n - 210 = 74. What is the units digit of u?
1
Suppose 0*a = 4*r - a - 8, 2*r - 4*a = 4. Let k(v) = 16*v - 2. Let x be k(1). Suppose -5*w + 2*s + x = -w, -22 = -5*w - r*s. What is the units digit of w?
4
Let f(p) be the first derivative of p**3/3 + 3*p**2/2 + 3*p - 1. Let j be f(-4). Let i = 19 - j. What is the units digit of i?
2
Suppose 25 + 14 = 3*j. Let v be 1 + -11 + 2 + 0. Let m = v + j. What is the units digit of m?
5
Suppose 4*m - 14 = 2. Suppose m - 1 = r. What is the units digit of r?
3
Let y = -48 + 20. Let s = 68 + y. What is the units digit of s?
0
Let r = 38 - 19. What is the units digit of r?
9
Let g = -11 + -3. Let k = 21 + g. Suppose 3*f = 17 + k. What is the units digit of f?
8
Let m = 182 + -113. What is the units digit of m?
9
Let f = 1 - 4. What is the units digit of f/(-5) - 456/(-15)?
1
Suppose u + 4*q = -12 - 3, -3*u - 4*q - 21 = 0. Let v be (4 + -3)*u + 1. What is the units digit of ((-4)/(-8))/(v/(-40))?
0
Suppose -h + 5*b + 248 = 0, -b - 1201 = -5*h + 15. What is the units digit of h?
3
Let b(o) = o**3 + 2*o**2 - 3*o - 3. Let r be b(-3). What is the units digit of (0 - -1)/(r/(-63))?
1
Let b = 133 + 100. What is the tens digit of b?
3
Suppose -w + 6 = 7. Let d = w + 16. Suppose -3*a = 2*a - d. What is the units digit of a?
3
Let o be 2 - (3 - 3)/(-3). Suppose 2*r - 48 = -5*x, 2*x - o*r - 10 = -2. What is the units digit of x?
8
Suppose 686 = 4*n - 186. What is the tens digit of n?
1
What is the units digit of (59/5)/((-4)/(-20))?
9
Let w = -30 + 45. Suppose -k + w = 4*k. Suppose -4*d + 7 = k. What is the units digit of d?
1
Let g be (-6)/(-8) - (-78)/24. Suppose 5*n + 0*n = -d + 105, -3*d = g*n - 73. What is the tens digit of n?
2
Suppose -i + k + 70 = 0, k - 138 = -2*i + 2*k. What is the units digit of i?
8
Suppose 4*n + 11 = -3*q + 2, -3*q - 9 = 5*n. Let t = 1 + n. Let c = t - -3. What is the units digit of c?
4
Let f(a) = -a**2 - 6*a + 3. What is the units digit of f(-6)?
3
What is the units digit of (-1043)/(-6) + (-1)/(-6)?
4
Suppose 5 = -4*f + 25. Let q(y) = -y**3 + 7*y**2 - 2*y + 3. What is the units digit of q(f)?
3
Suppose 5*a + 0 = 5. Let m = 4 + a. Suppose -m*t + 1 = -69. What is the tens digit of t?
1
Let n = -45 + 180. What is the hundreds digit of n?
1
Suppose 0*n + t + 192 = 2*n, -5*n - 4*t + 506 = 0. What is the units digit of n?
8
Suppose -s + 2*s - 639 = -2*b, -962 = -3*b - 5*s. What is the h